{"id":1441,"date":"2023-01-07T22:23:04","date_gmt":"2023-01-07T21:23:04","guid":{"rendered":"https:\/\/latabledamelie.be\/?post_type=product&#038;p=1441"},"modified":"2023-03-10T11:39:23","modified_gmt":"2023-03-10T10:39:23","slug":"dimanche-26-fevrier-2023","status":"publish","type":"product","link":"https:\/\/latabledamelie.be\/fr_fr\/produit\/dimanche-26-fevrier-2023\/","title":{"rendered":"Dimanche 26 f\u00e9vrier 2023"},"content":{"rendered":"<p><strong>Menu :<\/strong><\/p>\n<p>Gaufres au levain<br \/>\nCaramel au beurre sal\u00e9<br \/>\nTiramisu<br \/>\nYaourt aux graines de chia et granola au chocolat\t\t\t<\/p>\n<p>Taboul\u00e9 \u00e0 la libanaise, falafels et sauce tahin<br \/>\nPetits burgers de volaille aux poireaux et sauce yaourt<br \/>\nSalade d&rsquo;\u00e9pinards, l\u00e9gumes r\u00f4tis, f\u00e9ta, graines de courge\t\t\t<\/p>\n<p>Tartines au levain<\/p>\n<p>Jus de fruits<br \/>\nKombucha<\/p>\n<p>Prix par personne: 30 \u20ac<br \/>\n(conditionnement par portion de 2 ou 3 personnes)<\/p>\n<p>Portion jeunes enfants (uniquement la partie sucr\u00e9e et un jus de fruit): 15 \u20ac\/enfant<\/p>\n<p>NEW: possibilit\u00e9 de commander un brunch avec contenants en verre consign\u00e9s (5 \u20ac de consigne\/panier de 2 pers \u00e0 pr\u00e9voir en plus \u00e0 payer sur place en liquide)<\/p>\n<p>Tout est fait maison et avec des produits de qualit\u00e9, en grande partie issus de l\u2019agriculture bio et\/ou locale<\/p>\n<p><strong>Retrait :<\/strong><br \/>\n\u2013 Overijse (Drogenberg 55A): entre 9h30 et 11h30<br \/>\n\u2013 Rhode-Saint-Gen\u00e8se (Av des Erables 38B): entre 10h et 11h<br \/>\n\u2013 Kraainem (Avenue des Tarins 3A): entre 10h et 11h<br \/>\n\u00c0 commander avant le vendredi midi. (Indiquer le lieu de retrait)<\/p>\n","protected":false},"excerpt":{"rendered":"<p>Menu : Gaufres au levain Caramel au beurre sal\u00e9 Tiramisu Yaourt aux graines de chia et granola au chocolat Taboul\u00e9 \u00e0 la libanaise, falafels et sauce tahin Petits burgers de volaille aux poireaux et sauce yaourt Salade d&rsquo;\u00e9pinards, l\u00e9gumes r\u00f4tis, f\u00e9ta, graines de courge Tartines au levain Jus de fruits Kombucha Prix par personne: 30 [&hellip;]<\/p>\n","protected":false},"featured_media":780,"template":"","meta":{"_et_pb_use_builder":"","_et_pb_old_content":"","_et_gb_content_width":""},"product_brand":[],"product_cat":[18],"product_tag":[],"class_list":{"0":"post-1441","1":"product","2":"type-product","3":"status-publish","4":"has-post-thumbnail","6":"product_cat-brunch-to-go","8":"first","9":"instock","10":"taxable","11":"shipping-taxable","12":"purchasable","13":"product-type-variable","14":"has-default-attributes"},"_links":{"self":[{"href":"https:\/\/latabledamelie.be\/fr_fr\/wp-json\/wp\/v2\/product\/1441","targetHints":{"allow":["GET"]}}],"collection":[{"href":"https:\/\/latabledamelie.be\/fr_fr\/wp-json\/wp\/v2\/product"}],"about":[{"href":"https:\/\/latabledamelie.be\/fr_fr\/wp-json\/wp\/v2\/types\/product"}],"wp:featuredmedia":[{"embeddable":true,"href":"https:\/\/latabledamelie.be\/fr_fr\/wp-json\/wp\/v2\/media\/780"}],"wp:attachment":[{"href":"https:\/\/latabledamelie.be\/fr_fr\/wp-json\/wp\/v2\/media?parent=1441"}],"wp:term":[{"taxonomy":"product_brand","embeddable":true,"href":"https:\/\/latabledamelie.be\/fr_fr\/wp-json\/wp\/v2\/product_brand?post=1441"},{"taxonomy":"product_cat","embeddable":true,"href":"https:\/\/latabledamelie.be\/fr_fr\/wp-json\/wp\/v2\/product_cat?post=1441"},{"taxonomy":"product_tag","embeddable":true,"href":"https:\/\/latabledamelie.be\/fr_fr\/wp-json\/wp\/v2\/product_tag?post=1441"}],"curies":[{"name":"wp","href":"https:\/\/api.w.org\/{rel}","templated":true}]}}

Dimanche 26 février 2023

<p><strong>Menu :</strong></p>
<p>Gaufres au levain<br />
Caramel au beurre salé<br />
Tiramisu<br />
Yaourt aux graines de chia et granola au chocolat			</p>
<p>Taboulé à la libanaise, falafels et sauce tahin<br />
Petits burgers de volaille aux poireaux et sauce yaourt<br />
Salade d&rsquo;épinards, légumes rôtis, féta, graines de courge			</p>
<p>Tartines au levain</p>
<p>Jus de fruits<br />
Kombucha</p>
<p>Prix par personne: 30 €<br />
(conditionnement par portion de 2 ou 3 personnes)</p>
<p>Portion jeunes enfants (uniquement la partie sucrée et un jus de fruit): 15 €/enfant</p>
<p>NEW: possibilité de commander un brunch avec contenants en verre consignés (5 € de consigne/panier de 2 pers à prévoir en plus à payer sur place en liquide)</p>
<p>Tout est fait maison et avec des produits de qualité, en grande partie issus de l’agriculture bio et/ou locale</p>
<p><strong>Retrait :</strong><br />
– Overijse (Drogenberg 55A): entre 9h30 et 11h30<br />
– Rhode-Saint-Genèse (Av des Erables 38B): entre 10h et 11h<br />
– Kraainem (Avenue des Tarins 3A): entre 10h et 11h<br />
À commander avant le vendredi midi. (Indiquer le lieu de retrait)</p>

<p>Menu : Gaufres au levain Caramel au beurre salé Tiramisu Yaourt aux graines de chia et granola au chocolat Taboulé à la libanaise, falafels et sauce tahin Petits burgers de volaille aux poireaux et sauce yaourt Salade d&rsquo;épinards, légumes rôtis, féta, graines de courge Tartines au levain Jus de fruits Kombucha Prix par personne: 30 [&hellip;]</p>
